hat is 24440 - 3?
24432
In base 13, what is 5 - -3?
8
In base 11, what is -3 - 7?
-a
In base 15, what is -1a + 132?
117
In base 3, what is -1111112 - 10?
-1111122
In base 7, what is -532 + 64?
-435
In base 8, what is 256 - 2?
254
In base 6, what is -33 + -103?
-140
In base 10, what is -1137 - 0?
-1137
In base 3, what is 12 - -1220?
2002
In base 12, what is 37 - 35?
2
In base 6, what is 11 - -303?
314
In base 7, what is -15 + -315?
-333
In base 16, what is -2e6 - -3?
-2e3
In base 14, what is 8cb - 1?
8ca
In base 12, what is 0 - -73?
73
In base 8, what is 2 - 10132?
-10130
In base 9, what is 7 + -236?
-228
In base 15, what is -10 - -11?
1
In base 5, what is -3 - 12400?
-12403
In base 5, what is -1211 + -22?
-1233
In base 7, what is -3 + 330?
324
In base 12, what is -2 + -24?
-26
In base 5, what is 3 + -101?
-43
In base 11, what is -239 - 0?
-239
In base 5, what is 122031 - 3?
122023
In base 9, what is 250 - 3?
246
In base 14, what is -1 + -1823?
-1824
In base 13, what is -2b - 32?
-60
In base 12, what is 14 + 55?
69
In base 11, what is 36 - -3?
39
In base 4, what is 2032 + -1?
2031
In base 10, what is 122 + -1?
121
In base 6, what is 3 - 1151?
-1144
In base 11, what is -10198 + 0?
-10198
In base 12, what is 179 - 5?
174
In base 9, what is -121 + -12?
-133
In base 10, what is 1 + -284?
-283
In base 2, what is -1001010 + 100010010?
11001000
In base 6, what is 1252 - -2?
1254
In base 6, what is -2313 - 4?
-2321
In base 15, what is 0 + 2ea?
2ea
In base 8, what is 3 + -17?
-14
In base 15, what is -2 + -43e?
-441
In base 12, what is -107 - -8?
-bb
In base 4, what is 1033 + 11?
1110
In base 9, what is 0 + 54?
54
In base 7, what is 2342 + 4?
2346
In base 6, what is -1511 - -220?
-1251
In base 3, what is -12021012 + 10?
-12021002
In base 15, what is -16 + c?
-9
In base 5, what is 3 + 403?
411
In base 16, what is 5 + 167?
16c
In base 6, what is 11 + -353?
-342
In base 2, what is 1111000 + 101?
1111101
In base 15, what is 2 + -a?
-8
In base 2, what is -101 + 1001000010?
1000111101
In base 3, what is -102212 - 1012?
-111001
In base 4, what is 1 - 1332?
-1331
In base 2, what is 1101 + 100100?
110001
In base 6, what is -124 - 2?
-130
In base 8, what is 2 - -305?
307
In base 16, what is 16e - 2?
16c
In base 10, what is 169 + -6?
163
In base 8, what is -21 - 26?
-47
In base 15, what is -ab + -39?
-e5
In base 5, what is -2 + -21022?
-21024
In base 16, what is 2 - -390?
392
In base 11, what is -98 - 1?
-99
In base 5, what is 2040 - -12?
2102
In base 6, what is 44 - 21?
23
In base 15, what is -a0 + 0?
-a0
In base 9, what is 82 - -6?
88
In base 9, what is -341 + -3?
-344
In base 15, what is -10 - 26?
-36
In base 3, what is 222 + -10112?
-2120
In base 6, what is 144 - -120?
304
In base 13, what is -75 - 0?
-75
In base 6, what is 135022 + -2?
135020
In base 7, what is -5 - -61?
53
In base 16, what is -7e8 + -4?
-7ec
In base 6, what is -3 + 1125?
1122
In base 13, what is 4 + -c9?
-c5
In base 12, what is -12 + 480?
46a
In base 6, what is 445 - -13?
502
In base 11, what is -4 + -63?
-67
In base 9, what is -17 - -5?
-12
In base 16, what is 2f0f - -5?
2f14
In base 11, what is -14 - -3?
-11
In base 3, what is 12101 - 1?
12100
In base 9, what is -12817 + -2?
-12820
In base 10, what is -292 - 10?
-302
In base 10, what is -51 + 105?
54
In base 10, what is 0 + 48?
48
In base 13, what is -2a - -100?
a3
In base 11, what is -6 - 41a?
-425
In base 9, what is -12044 - -1?
-12043
In base 16, what is 0 + 1c?
1c
In base 6, what is 13434 - 2?
13432
In base 5, what is 440010 + -4?
440001
In base 3, what is -222000 + 10?
-221220
In base 10, what is 4 + 141?
145
In base 15, what is 534 + -b?
528
In base 2, what is 1000110001110 - -101?
1000110010011
In base 2, what is -10 + -110111110010?
-110111110100
In base 11, what is 2 + -198?
-196
In base 6, what is -254 + -1?
-255
In base 14, what is -8 + -91?
-99
In base 7, what is -20 - 3341?
-3361
In base 11, what is 47 - 1a?
28
In base 13, what is -1c7 + 45?
-182
In base 15, what is -d4 + 1?
-d3
In base 9, what is -186 + 14?
-172
In base 12, what is -2 - 2b9?
-2bb
In base 16, what is 26 + 3bb?
3e1
In base 8, what is -5 + -6766?
-6773
In base 4, what is 303201 + 2?
303203
In base 6, what is 1225 - -5?
1234
In base 11, what is 84 + 5?
89
In base 9, what is 3 - 124?
-121
In base 5, what is 122 + 20?
142
In base 6, what is 14 - 204?
-150
In base 2, what is -11 - -1110110110?
1110110011
In base 3, what is 1 - 1101?
-1100
In base 4, what is 11 + -312?
-301
In base 11, what is 9046 + -5?
9041
In base 6, what is 123 + -105?
14
In base 15, what is -3c0d - -4?
-3c09
In base 14, what is 13da + 2?
13dc
In base 13, what is -1a - 4?
-21
In base 14, what is 48 + -3?
45
In base 8, what is 11 + 21?
32
In base 10, what is 4647 + -1?
4646
In base 2, what is 100110111111 - 11?
100110111100
In base 14, what is -1b + 1?
-1a
In base 8, what is 1 + -3135?
-3134
In base 3, what is -1201 - 112?
-2020
In base 5, what is 2 + -3230?
-3223
In base 4, what is 12 - -2202?
2220
In base 3, what is -1221 + -12212?
-21210
In base 16, what is e - -29?
37
In base 12, what is -b9 + -4?
-101
In base 6, what is -142 - 254?
-440
In base 10, what is -1857 + 5?
-1852
In base 12, what is 306 + 4?
30a
In base 13, what is -10 + 9?
-4
In base 7, what is -20 - 1106?
-1126
In base 2, what is 101 + 101110000?
101110101
In base 15, what is 5 + -d6?
-d1
In base 3, what is 10 - -120?
200
In base 11, what is 2 - 6a?
-68
In base 2, what is -10110010 + -10000000?
-100110010
In base 2, what is -1010 - 10?
-1100
In base 2, what is -11 - -10001110?
10001011
In base 9, what is 7 - 2?
5
In base 7, what is 5211 - 1?
5210
In base 9, what is 74 + 1?
75
In base 12, what is -1571 - -1?
-1570
In base 13, what is -120 - -5?
-118
In base 2, what is -1101101 + 101?
-1101000
In base 2, what is -1011 - -10110100?
10101001
In base 12, what is -a4 - -28?
-78
In base 15, what is 0 + 3d1?
3d1
In base 9, what is -2 - 230?
-232
In base 14, what is -21 - 8?
-29
In base 8, what is -24 - 342?
-366
In base 10, what is 2 - -2?
4
In base 8, what is 10 + -77?
-67
In base 14, what is -44 - -15?
-2d
In base 11, what is 914a - 0?
914a
In base 15, what is e - -4c?
5b
In base 2, what is -101110110 + -11?
-101111001
In base 6, what is -1 + 10200?
10155
In base 10, what is -237 + -49?
-286
In base 12, what is -12329 + 5?
-12324
In base 11, what is -3839 - -5?
-3834
In base 2, what is -100 + 100111000?
100110100
In base 12, what is -2768 - -5?
-2763
In base 9, what is 122 + 33?
155
In base 13, what is -36 - 2?
-38
In base 2, what is -11 + -1010100?
-1010111
In base 6, what is -3 + 1152?
1145
In base 10, what is -14 + 280?
266
In base 3, what is 222 + 2?
1001
In base 13, what is 577 - -1?
578
In base 5, what is -2232 + -4?
-2241
In base 9, what is 0 + 145?
145
In base 5, what is -34310 - -2?
-34303
In base 12, what is -21 - 5?
-26
In base 9, what is 3 - -6?
10
In base 5, what is 11 + 3334?
3400
In base 8, what is 6 + 410?
416
In base 13, what is 3 - 293?
-290
In base 6, what is 313 - -2?
315
In base 11, what is -5 + 1?
-4
In base 11, what is -41 - -19?
-23
In base 3, what is -2010220 - 10?
-2011000
In base 12, what is -21 + 30?
b
In base 5, what is 20 - 32?
-12
In base 5, what is 120 - 0?
120
In base 16, what is 5 - -8f9?
8fe
In base 7, what is -3035 + -1?
-3036
In base 10, what is -48 - -30?
-18
In base 9, what is 5 + 1376?
1382
In base 15, what is 2 - 9b?
-99
In base 7, what is -511 + -2?
-513
In base 8, what is -11240 - -4?
-11234
In base 7, what is 13134 + -2?
13132
In base 9, what is 5715 + -4?
5711
In base 10, what is -6 - -1825?
1819
In base 14, what is 2 - 173?
-171
In base 5, what is 2404 - -1?
2410
In base 6, what is -2 + 1133?
1131
In base 8, what is -35 + -2?
-37
In base 2, what is 10110 - 1111?
111
In base 14, what is 2da - -2?
2dc
In base 11, what is 0 - -20?
20
In base 11, what is 191 + -4?
188
In base 11, what is 1 + 2662?
2663
In base 2, what is 1010010000111101 + 1?
1010010000111110
In base 9, what is -10813 - 2?
-10815
In base 3, what is -120 - -21?
-22
In base 15, what is -5 - d46?
-d4b
In base 11, what is -12 + 76?
64
In base 11, what is -31 + 0?
-31
In base 12, what is 10 + 19?
29
In base 9, what is 23 - 0?
23
In base 12, what is 3 + 63?
66
In base 5, what is -1030 - 2?
-1032
In base 16, what is -2c6 - 0?
-2c6
